*g - 12, 3*v + g + 4*g - 12 = 0. Let x(o) = 2676*o - 5 + 1 - 2678*o + 23. Give x(v).
1
Let j(m) be the third derivative of m**6/120 - m**5/40 + 17*m**4/24 + 24*m**2 + 1. Let g(n) be the second derivative of j(n). Determine g(2).
9
Suppose 6 = -2*i + 8. Let y be -2*(1 + 3/(-2)). Let k(b) = -1 - b - y + 3 + i. Calculate k(5).
-3
Let z = 2658 - 2666. Let i(d) = -4*d - 28. Calculate i(z).
4
Suppose 0 = 3*n - 40 - 5. Let k(s) = -s + 13. Let v be k(n). Let h(l) be the third derivative of -l**5/60 - l**4/24 - 3*l**2 + 8. What is h(v)?
-2
Let j(s) = 12*s - 6*s + 4*s - 6*s + 11 + 7. Calculate j(4).
34
Let l(o) = o**3 - 6*o**2 - 5*o - 8. Let v(i) be the third derivative of 7*i**6/120 - i**4/24 + 5*i**3/6 + 19*i**2. Let f be v(2). Let z = f + -52. What is l(z)?
6
Let l(j) = -3*j**3 + 7*j**2 - 3*j + 2. Let h(a) = 10*a**3 - 21*a**2 + 8*a - 5. Let k(t) = 2*h(t) + 7*l(t). Let q = -287 - -293. What is k(q)?
10
Let z(l) = l**2 + l + 4. Let u be 2/(16/(-12))*(-8)/3. Suppose -3*o + 16 = o - u*f, 5*o + 5*f = 0. Suppose 4 = o*i + 10. Give z(i).
10
Let k(g) be the first derivative of -4/3*g**3 - 85 - 5*g - 3*g**2 + 1/4*g**4. Give k(5).
-10
Suppose 101*u = -100*u + 56*u + 290. Let c(d) = d**3 - 9*d**2 + 8*d + 3. Determine c(u).
-9
Let h be 522/5 + 162/270. Let k(c) = -h*c - 6 + 52*c + 54*c. Let q = -14 - -20. Calculate k(q).
0
Let j(i) = 4*i**3 - 2*i**3 - 4*i + 2 - 38391*i**2 + 38381*i**2. Calculate j(5).
-18
Suppose -9323 - 1107 = -35*b. Let n(r) = -298 + r + 583 - b. Determine n(7).
-6
Let c(f) = -6*f**2 + 4*f**2 - f**3 + 3*f**2 + 2. Let v = -2318 + 1382. Let m = 936 + v. Calculate c(m).
2
Suppose 5*m + z - 2*z - 472 = 0, 0 = -4*m + 3*z + 371. Let a = -101 + m. Let p(b) = -5*b - 6 + b - b**2 - 4*b. What is p(a)?
6
Suppose -201*y = -398*y + 209*y - 84. Let j(a) = -a**3 + 7*a**2 - 3*a + 3. Give j(y).
-18
Let l(r) = -64*r**2 - 124*r - 126. Let u(f) = -54*f**2 - 126*f - 126. Let k(j) = -5*l(j) + 6*u(j). Determine k(-33).
6
Let g(u) = u**3 + 16*u**2 + 30*u + 22. Let o(p) = 3*p**3 + 48*p**2 + 90*p + 67. Let a(r) = 10*g(r) - 3*o(r). Give a(-14).
-9
Let w(d) = -122*d**2 + 10*d - 15. Let j(x) = 14*x**2 - x + 1. Let z(o) = 18*j(o) + 2*w(o). Give z(-4).
108
Let i(w) be the second derivative of -5*w**3/3 + 133*w**2 + 3978*w - 1. Determine i(27).
-4
Let g(l) be the first derivative of -1/3*l**3 + 0*l**2 + 2*l + 62. Calculate g(2).
-2
Let m be 49*((-4)/(-8))/(6/12). Let g = 55 - m. Let n(z) = -2*z + 3. Give n(g).
-9
Let n = -61 + 55. Let b(t) = -2*t**2 - 11*t + 8. Let s be b(n). Let d(p) = -p**3 - p**2 + 5*p + 2. Let h be d(s). Let k(o) = -o - 1. Calculate k(h).
-1
Let r(v) = -10*v - 374 - 382 + 1160 - 375 + v**2. Determine r(17).
148
Suppose a + 1450 = -3*c + 4*c, 3*c - 4345 = 4*a. Let m = -1453 + c. Let i(t) = -1 + 2*t - 3*t - 5*t. Determine i(m).
-13
Let h(q) = 11*q - 17. Let f(t) = 2*t - 6. Let u(x) = -3*f(x) + h(x). Let g be ((-3)/6)/(3/(-30)). Calculate u(g).
26
Let k(f) = -f**3 - 2*f**2 + 3*f + 2. Suppose 0 = -3*s + 2*s + 3. Suppose -r = 4*r - p - 9, -s*r - 2*p = 5. Suppose 14 = -5*j - r. Determine k(j).
2
Suppose 0 = 3*o - 5*h + 40, 3*o = 3*h - 6*h. Let u(g) = -3*g + 35. Let n(x) = 25*x - 355. Let j(m) = -n(m) - 10*u(m). Determine j(o).
-20
Let t(y) = 22*y**2 - 16*y - 8. Let v(p) = -19*p**2 + 13*p + 7. Let c(r) = 6*t(r) + 7*v(r). Give c(0).
1
Let c(o) = -5*o**2 + 96*o - 25. Let x(b) = -b**2 - 426*b - 2501. Let r be x(-6). Calculate c(r).
-6
Let l(g) = 11*g**2 - g. Let d be 5/5*(-1 - (53 - 0)). Let x be d/(-189)*(-7)/(-2). Determine l(x).
10
Let d(u) be the second derivative of -u**3/6 + 4*u**2 - 8*u. Let h be d(-3). Let t(s) = -9*s - 2*s**2 - 1 - 2*s**2 + s**2 + h*s. Give t(1).
-2
Suppose -89 + 1688 - 74 = 305*l. Let f(t) = -t**3 + 4*t**2 - 11*t + 83. Give f(l).
3
Suppose 3*d = -9*d + 240. Let u = 18 - d. Let w(a) = -a - 4. Determine w(u).
-2
Let u(f) = 7*f**3 + 2*f**2 + 9*f - 3. Let b(a) = -3*a**3 - a**2 - 5*a + 2. Let y(z) = 5*b(z) + 3*u(z). Suppose 176*o - 175*o + 2*q = 7, 3*q = 12. What is y(o)?
-6
Suppose -47*d = -48*d - 17. Let r(p) = -8*p - 8. Let x(a) = 3*a + 3. Let c(t) = d*x(t) - 6*r(t). Calculate c(-7).
18
Suppose 0 = 1250*b - 1246*b - 24. Let h(p) = -18*p + 6*p - b + p**2 + p + 3*p. Suppose 0 = 2*d - 7 - 11. Determine h(d).
3
Let z(l) = 42*l**3 + 3*l + 10 - 6*l**2 - 44*l**3 - l**2 + 2*l - l. Calculate z(-5).
65
Let g be (-990)/275*(-20)/18. Let y(v) be the third derivative of 0 + 2/3*v**3 + 1/8*v**g + 18*v**2 - 1/60*v**5 + 0*v. Determine y(3).
4
Let y(j) = -1. Let w(t) = t**3 - 4*t**2 - t + 4. Let a(p) = w(p) + y(p). Let h be (15 + -20)/((-2)/154). Let q = h - 381. Calculate a(q).
-1
Let l(v) = -v + 1 - 5*v + 0*v. Suppose 5*c - 15*c - 2310 = 0. Let p = c + 229. What is l(p)?
13
Let s(w) = 0*w + w - 5*w - w**2 + 6. Let i(p) = -3*p**2 + 32*p + 15. Let n be i(11). Suppose 9*v - 2*a + 8 = 7*v, -n*v + 5*a = 14. What is s(v)?
-6
Let x(j) = j**3 - 4*j**2 - 16*j + 31. Let c be (-260)/(-45) + (6/(-33))/(36/(-44)). Calculate x(c).
7
Let u(n) be the third derivative of 2*n - 34*n**2 + 0 - 1/24*n**4 - 5/6*n**3. What is u(4)?
-9
Let c(a) be the first derivative of a**3/3 - 4*a**2 + 13*a - 3. Let p(x) = x**2 - 28*x + 141. Let w be p(6). Give c(w).
22
Let u(t) = 4 - 2*t**2 + 5 - 3 + 16*t + t**2 + 0. Calculate u(16).
6
Let a(d) be the second derivative of d**3/6 - 5*d**2/2 - 178*d - 18. Determine a(-2).
-7
Let i(b) be the first derivative of -5*b**2/2 + 3*b + 2. Let p(w) = -24*w + 12. Let g(r) = 14*i(r) - 3*p(r). Give g(-4).
-2
Let b(u) = 9*u + 3. Let z(m) = -5*m - 2. Let x(i) = -3*b(i) - 5*z(i). Suppose 2*a = -1668*s + 1673*s + 30, -2*s - 33 = -5*a. What is x(a)?
-9
Let j(l) = -8*l**2 + 3*l - 12. Let r(f) = -33*f**2 + 13*f - 52. Let p(s) = 9*j(s) - 2*r(s). Calculate p(-3).
-61
Let a = 188 + -172. Let x(p) = -3 + 14*p + a*p - 29*p + 4. Let g = 1 - 0. Give x(g).
2
Let w(h) = -137*h + 278. Let m(k) = -45*k + 84. Let r(c) = -13*m(c) + 4*w(c). Determine r(0).
20
Let j(z) = -12*z - 172. Let m(d) = -8*d - 102. Let p(v) = -5*j(v) + 8*m(v). Give p(9).
8
Let a(k) = 6*k**2 - 48*k - 81. Let v(l) = 7*l**2 - 53*l - 91. Let q(w) = 8*a(w) - 7*v(w). Calculate q(-5).
29
Let a be 14/(-6)*(240/35)/(-8). Suppose 3*p = -t + 19, -5*t + 14 - 45 = -3*p. Let w(d) = 1 - d**2 + p*d - a - 4. Give w(4).
7
Let c(u) = -5*u + 1. Suppose 165*n = 189*n + 192. Determine c(n).
41
Let w(i) be the second derivative of i**5/20 - i**4/3 - i**3 + 3*i**2 - i. Let o be (-10)/3*15288/(-245). Let v = o - 203. What is w(v)?
1
Let c be (-9)/(4 + 68/(-20)). Let y(r) = 2*r + 22. What is y(c)?
-8
Suppose -359 = -8*t - 311. Let b(f) = -217*f + 109*f + 3 + 3 + 109*f. What is b(t)?
12
Suppose -s + 28 = 2*p, 128*s - 132*s = -16. Let u(x) = -x**3 + 11*x**2 + 13*x - 11. Determine u(p).
1
Let l(y) = -24*y - 268 + 370 - 67. What is l(2)?
-13
Let g(p) = -p**3 - 35*p**2 - 68*p - 67. Let s = -7128 + 7095. Give g(s).
-1
Suppose -2*v - 2*w = 2, -14 = -3*v + 5*v - 2*w. Let c(k) be the third derivative of -k**6/120 - k**5/12 + 5*k**4/24 + 2*k**3/3 - 15*k**2. Give c(v).
-32
Let g(h) = 66*h**2 + 4*h - 20 + 13*h + 56*h**2 - 185*h**2 + 65*h**2. Give g(-10).
10
Let h(a) be the first derivative of 25*a - 109. Let f(v) = -v - 30. Let r(c) = -2*f(c) - 3*h(c). Give r(7).
-1
Let a(u) = 3*u**3 + 2*u - 1. Let o be (20/(-2))/(-11 + 2 - -7). Suppose -5*z - 3*c = -25, 0 = -0*c - o*c - 25. Suppose 6*h + z - 14 = 0. Give a(h).
4
Suppose -3*n - 19 - 9 = q, 2*q = -8. Let m(b) be the first derivative of -b**3/3 - 5*b**2 - 2*b + 83086. What is m(n)?
14
Let m(u) be the second derivative of u**5/60 + u**4/8 - 7*u**3/6 - 9*u**2 + 69*u. Let j(a) be the first derivative of m(a). Give j(-6).
11
Let x(v) = -v - 1. Let z = 69 + -49. Suppose 5*n = -c - z, -4*n + 5*n = 5*c - 4. Suppose 5*b - 5*o = 0, -2*b - 3*o - o + 24 = c. Calculate x(b).
-5
Let q(i) = i**3 - 10*i**2 + 10*i + 8. Let y(p) be the second derivative of -p**5/10 + 5*p**4/6 + 17*p**3/6 - 21*p**2/2 + 31*p. Let m be y(6). What is q(m)?
17
Let b = -12 + 16. Suppose 0 = 2*i - b*i. Let a(v) = -24*v + 0*v**2 + 62*v - 6 - 22*v - 15*v - v**2. Determine a(i).
-6
Let f(j) = j - 6. Suppose 0 = 16*n - 15*n - 9. Let a be f(n). Let v(r) = -r**2 - r + 2. Calculate v(a).
-10
Let i(c) be the third derivative of c**4/24 + c**3/2 - c**2 - 110. Let g = -10 + 10. Calculate i(g).
3
Let x be (10 - -3) + -79 + 63. Let f(i) 